Let k(m) = -4*m**2 - 3*m - 1. Let w(d) = -11*k(d) + 2*o(d). Determine w(s).
-12
Let z(h) = 2*h**2 - 19*h - 162. Let o be z(15). Let d(v) = -v**2 + 2*v + 3. Determine d(o).
0
Let d(b) = 2479*b - 832*b + 2*b**2 - 827*b - 4 - 835*b. Give d(4).
-32
Let g(y) = -12*y - 1. Let w be (4 + (-586)/1)*(-2)/(-3). Let b = 386 + w. Determine g(b).
23
Let w(q) = q + 14. Let o = 34 - 36. Let x(h) = 2*h - 5. Let d be x(o). Give w(d).
5
Let r = -2813 - -2807. Let y be ((-2)/1)/((-3)/9). Let z(m) = -y - 1 - m + 0. Determine z(r).
-1
Let q(g) = 2*g + 7*g**2 - 8*g + 4 - 2*g + g**3. Suppose -3*b - 2*s + 12 = 20, -6*b + 5*s = 88. What is q(b)?
4
Let d be (-4)/9*(-81)/18. Let s(l) = -l**3 + 10*l**2 - 219*l - d*l**2 + 219*l + 5. What is s(8)?
5
Let s(b) be the second derivative of -b**4/12 - b**3/2 - b**2 - 54*b. Let c = -445 - -449. What is s(c)?
-30
Let d be 4/6 + (-20)/(-6). Let m(z) be the first derivative of 1/2*z**2 - 92 - 4*z. Determine m(d).
0
Let u(q) = -q**2 + 9*q - 9. Let p = -98 - -101. Suppose 5*i - 30 = -v, -i + p*v + 14 + 8 = 0. What is u(i)?
5
Suppose -o - 77 = -2*n - 78, 5*n + 2*o + 25 = 0. Let b(u) = u**3 + 12*u**2 + 22*u - 10. Give b(n).
5
Let n = -20283 - -20274. Let u(x) = 6*x + 66. Give u(n).
12
Let a(g) = 3*g - 17. Let u = 28435 - 28435. Calculate a(u).
-17
Let v be (3/18)/((-54)/(-1944)). Let j(y) = -y**3 + 4*y**2 + 12*y - 1. Determine j(v).
-1
Suppose 3*j - 5*g = 19, 5*g - 33 = -22*j + 21*j. Let h(p) = -p**3 + 12*p**2 - 6*p + 244. Determine h(j).
-3
Let a = -6 + 2. Let f(h) = 6*h**2 - 11*h - 26. Let z(p) = -p**2 + 2*p - 1. Let c(v) = f(v) + 5*z(v). Let k(j) be the first derivative of c(j). Calculate k(a).
-9
Suppose -3312 = -3*n - 3300. Let u(c) = 3*c**2 - 8*c + 4. Let q(i) = -2*i**2 + 5*i - 3. Let t(f) = 7*q(f) + 5*u(f). What is t(n)?
-5
Let x = -13275 + 13272. Let a(s) be the third derivative of -s**6/120 - s**5/60 - 7*s**3/6 + 9*s**2. What is a(x)?
11
Let u(q) be the second derivative of 2/15*q**5 + 7/24*q**4 + 20*q**2 + q**3 + 0 + 8*q + 1/120*q**6. Let z(m) be the first derivative of u(m). Determine z(-7).
6
Let g(a) = -40*a**2 - 13*a**2 - a - 2*a**3 - 23 - 27*a**2 + 46*a**2. What is g(-17)?
-6
Suppose -3*n + 2248 = 82*n + 196*n. Let z(p) = 4*p - 19. Calculate z(n).
13
Suppose 0 = 38*k - 37*k - 3. Suppose -4*s = 0, f + 2*s - 104 = -k*s. Let m(r) = 2*r - f - 106 + 212. Determine m(2).
6
Suppose 117*h - 110*h = -182. Let l(n) = 3*n - 9. Give l(h).
-87
Suppose a = -2, -a - a - 14 = -h. Let t(l) = -2*l + 18 - 14 - 8*l + 9*l. Give t(h).
-6
Let z(v) = 16*v**3 + 6 - 36*v**3 + 12*v - 8226*v**2 - 29 + 21*v**3 + 8239*v**2. Give z(-12).
-23
Let w(a) = a**3 - 6*a**2 + 3*a + 1. Let s(y) = -492*y + 28. Let u be s(1). Let o = 469 + u. Calculate w(o).
-9
Let z(p) = p**2 - 11*p + 16. Let u(o) = 190*o + 1336. Let f be u(-7). Determine z(f).
-14
Let m be 12 - ((-14)/(-2) + -6). Let p(s) = -m - s + 6 - 9. Give p(-12).
-2
Let n be (-4)/(-6) - (348/(-18) - -5). Let d = 18 - n. Let k(x) = 279*x - 285*x - 1 - 1 + d. Determine k(2).
-11
Let y(u) = 2*u**2 + 35*u + 21. Let t be (-7340)/460 - 6/138. Give y(t).
-27
Let v be ((-8)/(-5))/((-1)/(-10)). Let i = v - 13. Let k(m) = -11*m**2 - 11*m + 13. Let l(r) = 9*r**2 + 9*r - 11. Let d(w) = 4*k(w) + 5*l(w). Determine d(i).
9
Let x(s) = -19*s**3 - 12*s**2 + 4*s + 5. Let t(u) = -41*u**3 - 26*u**2 + 9*u + 11. Let j(g) = -6*t(g) + 13*x(g). Determine j(-2).
11
Let y(l) be the first derivative of 2*l**3/3 + 13*l**2/2 + 5*l + 528. Calculate y(-6).
-1
Let l(m) be the second derivative of 0*m**2 + 0 - 119*m - 1/6*m**3. Give l(3).
-3
Let d = 263 + -252. Suppose 2*t + d = 1. Let o(w) = w + 5. Give o(t).
0
Let w(r) = r**2 + 17*r - 12. Let u be w(-18). Let d(k) = 12*k - 3*k**3 + 45 - 10*k**2 + u*k**3 - 2*k**3 - 37. What is d(9)?
35
Let n(h) = -5*h + 7 + h**2 - 2*h + 2*h. Let f(p) = -11*p - 169. Let j be f(-15). Let g be 1 + (6 - (-2 - j)). Calculate n(g).
7
Suppose 2*v + 5*o = -26, -3*v + 4*o = -4*v - 7. Let u = 20 + v. Let q(f) be the third derivative of f**6/120 + f**5/60 + f**3/6 + 11*f**2. Give q(u).
-17
Let g = -1 - -3. Let d(h) be the third derivative of 0 + 1/15*h**5 - 1/120*h**6 + 1/3*h**3 + 49*h**2 + 0*h - 1/6*h**4. Calculate d(g).
2
Let j be ((-286)/(-65))/(-3 + 2) - 30/50. Let f(t) be the third derivative of t**6/120 + t**5/10 + t**4/8 + 5*t**3/6 - 2*t**2. What is f(j)?
15
Let q(v) = -4*v + 106. Let i be q(28). Let u(a) = a + 1. Let t(g) = -6*g - 7. Let c(n) = i*t(n) - 39*u(n). What is c(2)?
-3
Let y(d) = d**3 + 7*d**2 + 10*d + 8. Let z(x) be the first derivative of -1/2*x**2 + 2 + 0*x. Let l(v) = y(v) + 2*z(v). Give l(-6).
-4
Let a = 80 - 61. Let u = -18 + a. Let b(o) = -o**2 + 14*o - 18*o - 2 + u + 2*o. Determine b(-3).
-4
Let t(w) = 18*w**2 - 49*w + 62. Let n(g) = 49*g**2 - 148*g + 164. Let i(l) = -4*n(l) + 11*t(l). What is i(-25)?
-49
Let g(l) = 62 + 27*l - 24*l - 26. Determine g(-14).
-6
Let q(c) be the first derivative of 1/3*c**3 - 4*c**2 - 101 + 0*c. Give q(4).
-16
Let o = -1222 + 1223. Let b(v) = 14*v**3 + v + 2. Let r(d) = -28*d**3 - d - 4. Let q(w) = 7*b(w) + 4*r(w). Calculate q(o).
-13
Let u(s) = 3*s**3 + s + s**2 + 1 + 1 - 2*s**2. Suppose 12*m + 25 = -0*m + 1. Determine u(m).
-28
Let v(q) be the third derivative of 7*q**5/30 - q**3/6 + 1061*q**2. What is v(-1)?
13
Let q(v) = 17*v + 74. Let j(x) = x**2 - 3*x - 6. Let t be j(0). Let w(d) = -8*d - 36. Let p(h) = t*q(h) - 13*w(h). What is p(-9)?
6
Let y be -17 + 19 - ((2 - 11) + 4). Suppose -5*d - 4*b = -31, d + 0*b - 11 = -2*b. Let l(x) = 0 - x**2 + 0*x**2 + d + 8*x. Determine l(y).
10
Let z(n) = 3*n + 45*n**3 - 2*n**2 - 3 - 3*n**2 - 46*n**3. Let u be 15*10/(-15) - -4. What is z(u)?
15
Suppose 0 = 143*z - 155*z - 24. Let s(w) be the third derivative of w**4/24 + w**2. Let d(h) = -h. Let r(p) = z*d(p) - 3*s(p). Give r(4).
-4
Let t(g) be the first derivative of -2*g**3/3 - 7*g**2/2 - 7*g + 9. Let w(l) = -l**2 - 3*l - 4. Let m(s) = 6*t(s) - 11*w(s). What is m(-7)?
16
Let c(q) = 548*q**2 - 37*q + 166. Let w(j) = 253*j**2 - 19*j + 83. Let d(i) = -6*c(i) + 13*w(i). Determine d(5).
-17
Let d(u) = -u**3 - 52*u**2 + 3*u - 45. Let j(n) = -7*n**3 - 380*n**2 + 22*n - 314. Let y(t) = 15*d(t) - 2*j(t). Determine y(-20).
-67
Let j(s) = -s**3 + 6*s**2. Let h = 71 - -25. Let c = h - 91. Suppose -z + 0*z - c*m + 16 = 0, 26 = 4*z + m. Calculate j(z).
0
Suppose -1307*k + 1300*k = -21. Let v(h) = 11*h - 33. What is v(k)?
0
Let v(t) be the second derivative of -t**5/10 - 10*t**4/3 - 19*t**3/3 + 5*t**2/2 - 2159*t + 2. Give v(-19).
5
Let z(j) = -3*j + 59. Suppose 0 = -87*m - 191 + 2105. What is z(m)?
-7
Suppose 20*b - 25 = 15*b. Suppose -5*h = 0, 4*g + 53 - b = -5*h. Let w(q) = q**2 + 13*q + 17. Let k be w(g). Let i(x) = x**3 - 4*x**2 - 4*x + 2. What is i(k)?
7
Let d(a) be the third derivative of -1/3*a**4 + 1/120*a**6 - 1/15*a**5 + 0 - 3*a**2 + 2/3*a**3 + 0*a. Suppose -2*u - 4*w + 19 = u, -4*u = w - 21. Give d(u).
-11
Let k(u) = 1 - 3*u**2 - 3*u**2 + 4*u**2 - 11651*u**3 + 11637*u**3 + u. Determine k(-1).
12
Let m(z) = -147*z**2 + 298*z**2 - 1 - 150*z**2 - z - 2. Suppose -44 + 34 = -5*x. Determine m(x).
-1
Let d(f) = -f**2 - 8*f + 8. Let j = 162 + -159. Let u be (-1 - (-8)/6) + (-22)/j. Calculate d(u).
15
Let p be (-2)/14*2 + (-508)/(-14). Suppose 0 = x + 4*y - p, x - 5*y - 18 = -0*y. Let c(m) = 66*m + 6 - 34*m - x*m. What is c(-4)?
-10
Let k(o) be the first derivative of -3*o**4/2 - o**3 - 2*o**2 + 6*o - 48. Let r be k(1). Let i(p) = p**3 + 7*p**2 - 3*p - 3. Determine i(r).
18
Let n(t) be the third derivative of -t**6/120 + 11*t**5/60 - t**4/3 - 13*t**3/6 - 382*t**2. Calculate n(10).
7
Let z = 212 - -25. Let l = z + -230. Let v(x) = x**2 - 8*x - 7. Give v(l).
-14
Let s(t) be the second derivative of -5*t**4/4 - t**3/6 + t**2 - 4*t + 16. Determine s(1).
-14
Let y(a) = 202*a**2 + 168 - 200*a**2 + 12*a - 189. Calculate y(-9).
33
Suppose 14 = -0*v + 5*v - h, -2*h = 8. Let n(r) = 11*r**2 + 3*r + 12*r**2 + 3*r**v - 24*r**2. What is n(-3)?
9
Let s(o) be the second derivative of o**4/24 - 13*o**3/6 - 239*o**2/2 + 205*o. Let x(n) be the first derivative of s(n). What is x(-6)?
-19
Let a(u) be the third derivative of u**4/3 + 23*u**3 + 1678*u**2 - u. Determine a(-15).
18
Let k(g) = 18*g - 300. Let f(b) = 18*b - 356. Let l(r) = -7*f(r) + 8*k(r). Give l(-7).
-34
Let p(l) = 6*l**3 + 8*l**2 - 8*